s the value of 34507 + -34508 - (0 + -4)?
3
Calculate -2 + (11 - -1) + -5 + (8 - -23 - -1).
37
Calculate (19 - 0) + (42 - 78) + -12.
-29
Evaluate 29 + 0 + 19 + -70.
-22
-2 + 1 + -6 - -1 - ((-23 - 3) + 20)
0
What is (4 - -8) + 0 + 127 + (-17 - -20)?
142
11 + (37 - 46 - (0 - 3) - -10) - 8
7
(-15 - 6) + 19 - (27 + -27)
-2
Evaluate (-14 - 41 - -41) + (1 - -43).
30
Evaluate 0 + -4 + 12 + 10 + 13 + 4.
35
What is the value of 58 - (7 + 2) - (1 + 24 - 22)?
46
What is the value of 9 + (-25 - (-2 + 3)) + (223 - 232)?
-26
Calculate (-5 - 97) + (-314 - -449).
33
Evaluate 9 + 2 + (244 + -255 - (-41 - 1)).
42
Evaluate (1 - (-9 + -1)) + (-489 - -255) + 203.
-20
What is the value of -40 - -3 - (-8 + 4 - (-27 - -33))?
-27
Evaluate (2 - 1) + (-60 - -54) + 0 - 18.
-23
What is 29 - (43 + -3 - 45)?
34
What is 36 - (-38 + 79) - (120 + 14)?
-139
Evaluate 0 + 7 + (-86 + 75 - 0) + -27.
-31
-8 - (-29 + 12 - -17) - (-15 + 1)
6
What is the value of -15 - (-15 + -8 + 10 + 21 + -95)?
72
Calculate (18 + 0 + -11 + -6 + 12 - 5) + -1.
7
What is the value of -20 - (107 + -85 + -80)?
38
Evaluate -16 + (-1 + 3 - (-136 + 62 - -86)).
-26
What is the value of 351 + -317 + 0 + 21 - 12?
43
Evaluate 4764 + -4769 + (-3 + 5 - -69).
66
What is (56 + -22 - 10) + 17?
41
What is the value of 18 + (-27 - -29) + -22?
-2
Calculate -21 - ((39 - 58) + (-2 - 10)).
10
What is 0 + (-10 - -7 - -3) - (26 + 2)?
-28
Calculate (-10603 - -10559) + 1 + (-27 - 1).
-71
(20 + 4 - (-16 - (20 - 46))) + -67
-53
-4 + 1 + 47 + -25 + 0 + -1
18
What is the value of 78 - -1 - -1 - (-3 - 42 - -52)?
73
50 + 62 + (-119 - -44) + (-2 - -16)
51
Calculate -42 - (-19 + 42 + -146).
81
Calculate (-38 - (99 + -75)) + (-18 - 1).
-81
Calculate 23 + -43 + 32 - -17.
29
-10 + 22 - (52 - (-2 + -3) - -2)
-47
Calculate 101 + -99 + (2 + (6 - 4) - 6).
0
(-10 - (86 + -16)) + (7 - 5) + 1 - -3
-74
What is the value of -1 - -10 - (-81 - 12 - -93)?
9
What is the value of 71 + 25 + -41 - 40?
15
What is the value of -67 + 33 + -89 + 80?
-43
5 - 3 - (-5 + -4 + 4)
7
Calculate 8 + 27 - 54 - -139.
120
Evaluate 313 + -475 - (-2 - 168).
8
Calculate -7 - -49 - (33 + (-70 - -60)).
19
What is 67 - (6 - -35) - -9?
35
What is the value of (16 - (16 + -5)) + (2 - (2 - (-60 + 4)))?
-51
2693 + -2513 - (-5 - -88)
97
What is the value of 23 - ((6 - -3) + -16 + -38 + 168)?
-100
What is (-7 - -14 - 10 - 25) + -12?
-40
86 + (-10 - -6) + (-17 - (20 + -34))
79
Calculate -62 + 33 + -13 + 16 + 20.
-6
What is the value of -44 + 4 + -110 + 97 + -20?
-73
Calculate 17 + (-4 + -7 + 1 - (25 - 33)).
15
Evaluate -23 + (-194 + 206 - (-52 - 1)).
42
Calculate -8 - (10 - 44) - 15.
11
What is the value of 12 - 11 - (7 - 9) - (15 + 10 + -11)?
-11
What is -5 + -1 + (-32 + (-16 - -14) - -34)?
-6
Evaluate 12 + 26 + -18 + -8 + 87 + 2.
101
Calculate -17 - -2 - 2 - (-9 - (0 + -11 + -1)).
-20
-82 - 0 - (-5365 + 5313)
-30
What is the value of (72 - 47) + -13 - (-1 - -75)?
-62
What is the value of 33 + -43 + (32 - (78 - -27))?
-83
-12 + 78 + (-21 - -27 - 15)
57
Evaluate 69 - (-17 - -99) - 23.
-36
Calculate -12 + (5 - -2) + 2 + 19 + -14.
2
-8 + -55 - (8 - (7 + 7 - -4))
-53
Calculate 44 + 10 + 365 + -439.
-20
Calculate (65759 - 65725) + (2 + 0 - (0 - (1 - 1))).
36
What is -98 + 92 - 30 - -134?
98
What is the value of (72 - 1) + (5 - (16 + -8 + -7 + 8))?
67
What is the value of -32 + -14 + (16 - -10) - -36?
16
Evaluate 3 + 6 + -6 + (-13 - -14) - 9.
-5
Evaluate (-2 - 0) + 14 + -14 + 11 + -1 + -5.
3
Calculate 1 + (-19 + -1 + 2 - (-3 + (69 - 80))).
-3
Calculate -26 + -20 + (1 - (0 - (5 + 11))).
-29
Calculate -1390 - -1415 - (-10 - (4 + (-10 - -4))).
33
Calculate 81 + (-3 - -28) + 23.
129
-12 - (3 - -18 - (-14 - -13))
-34
Calculate 44 - (-9 - (26 + (-57 - -9))).
31
-110 - -124 - (5 - 11)
20
What is -233 + 215 - (-7 - (-1 - 0))?
-12
What is the value of (-5 - (-6 - 7) - 18) + -14 + 1 + 8?
-15
Evaluate (-10 - -1) + 4 - 1 - (-28 + 35).
-13
Calculate (-12 - 6) + -6 + (166 - 122).
20
Evaluate (37 + -100 - 5) + (-6 - -38).
-36
What is -5 + 10 - (4 - 11) - (-1 - (-2 + 0))?
11
What is the value of 9 - -2 - -5 - (-6 + 20 - 16) - 11?
7
What is the value of -41 - ((2 + (-21 + 5 - -9) - -14) + 0)?
-50
What is -1 + -6 - (1311 + -1305)?
-13
What is the value of -20 + -1 + (5191 - 5180)?
-10
-5 + -2 + -1 + 6 + -20 + 7 + 1
-14
Calculate -20 + -19 + -30 + 63.
-6
What is (7 + 3 + -7 - (13 + -1)) + 27?
18
Evaluate -2 + 5 + 40 + (-153 - (-28 + -8)).
-74
Calculate -9 + -138 + 161 + (-13 - (1 + 1)).
-1
Calculate -108 + (25 - (-13 - 84)).
14
-7 + 27 - 25 - 7 - (-2 - 5)
-5
Evaluate -75 + 42 - (-3 + (-6 - (6 + -23))).
-41
Calculate -12 + (-8 - ((-8 - 8) + -1)) + 17.
14
What is 2 + (4 - 6 - -2) + -110 + 92?
-16
Evaluate 2 + -6 + 84 + 14 + -80.
14
1 + 16 - (-7591 + 7583)
25
What is the value of 51 + 5 - (-38 - (-34 + -15))?
45
What is the value of 36 + -2 - (441 - 398)?
-9
What is the value of -194 + 180 - (0 + -31) - 18?
-1
Calculate 50 + -182 + 47 + (10 - 1) + 2.
-74
-11 - (-51 - -7 - 1)
34
-63 - (118 + -293 + 103)
9
What is -78 + 7 + 16 + -17 + -14?
-86
Evaluate (-84 - -16 - -54) + 81.
67
What is the value of 59 + -87 + 51 + -9?
14
Evaluate (38 - 53) + 57 - 54.
-12
Calculate -17 - (-18 + (-2 + 28 - -26)).
-51
What is the value of 23 - -2 - (-44 + -48 + 88)?
29
What is the value of (1 + -33 - -1) + (-9 - -35 - -28) + -58?
-35
Evaluate 193 + -173 - (-1 - -8).
13
What is 27 - (1 + 35) - (6 - (-3 + 4))?
-14
Calculate -18 + (-23 - -15) + 2.
-24
Calculate 479 + -490 + (0 - (1 + -7) - 3) + -40.
-48
Evaluate 5 + 23 + 6 + -35.
-1
Evaluate (18 - (181 - 15 - 21)) + (1 + 3 - 6).
-129
What is 181 + -193 + 2 + (8 - 3) + -32?
-37
What is -54 + (71 - 33) + -12?
-28
Calculate -35 + -27 + -17 + 115.
36
Calculate 43 + (-205 - -159) - (-17 - 0).
14
Evaluate (47 - -1) + 2190 + -2353.
-115
Evaluate 61 + 64 + (14 - 85).
54
What is the value of 26 + -18 + -26 - -36?
18
What is the value of (-59 - 1) + -403 + 516?
53
-10 - (-6 + -6 + 2 + 21 + -32)
11
What is the value of -29 - 4 - (269 - 335)?
33
What is -66 + 0 - (-20 - -3 - -1 - -12)?
-62
What is 1 + 12 - (-2587 - -2570)?
30
-60 - (3 + -1 + 2 + (8 - (8 + 6)))
-58
Evaluate (-1 - 0) + -32 - (9870 - 9866).
-37
Evaluate (59 - 107) + 29 - (-4 + -53).
38
What is -47 - (5 + -19) - (1 - 45)?
11
What is 5 + (-4 + -5 - -8) + 7 - 2?
9
0 - 74 - ((17 - (-12 + 41)) + 6 + -5)
-63
Evaluate 13 + -30 + -10 + 31 + -26.
-22
Calculate 10 - -5 - (-52 - (53 + -56)).
64
Calculate (-10 - -6 - 12) + (28 - 23 - -3).
-8
Evaluate ((8 - (4 - -7)) + 8 - (2 - -6)) + -23.
-26
Evaluate -2 + 13 + -10 + -20 + -3 + (-1 - 0).
-23
Evaluate 111 + -123 + 80 - (1 - 2).
69
Calculate 14 + -31 + -11 + (20 - 3).
-11
What is the value of 47 + 12 + -15 + (-8 - -7)?
43
-22 - (80 + -145 + 148)
-105
What is -6 + (-123 - -69) + 21?
-39
What is the value of 45 + 26 + -80 + 7 - (-10 - (0 - 1))?
7
50 - (-30 + 34 - (0 + -4) - (0 - -4))
46
Evaluate 40 - (-3 - (4 + 0) - (-281 - -292)).
58
Calculate 3 - 4 - (-7 + 11).
-5
2 - (-1 + 14 + (-21 + 11 - (47 - -5)))
51
Calculate 8 + (4 + -9 - 70) + -15 + 0 + 22.
-60
What is the value of -29 + -2 + (0 + -10 - -12) + -7?
-36
-1 + (-18 - -10) + (91 - 89)
-7
Calculate 2458 + -2422 - (100 - -1).
-65
What is (1 - -6) + 30 + (-37 - (-85 + 11))?
74
-22 + (-15 + 0 + 7 - (-113 + 120))
-37
What is -148 + 29 + -44 - -85?
-78
What is the value of -20 + -4 + -8 + (16 - 21)?
-37
Calculate 12 + -5 + -23 + -15 + 4.
-27
Calculate 12 - (27 - (-12 - (-13 + 22))).
-36
Evaluate (-47 - (-88 - -31)) + -28.
-18
Calculate (-9 - 1) + (15 + 3 - (-7 - 1 - -16)).
0
What is (-29 - -35) + (14 - (-5 - (1 - 0)))?
26
Evaluate 5 + (2 - 2 - 4) + 16 + 43 + -35.
25
Calculate 2 + (-4 - -2) + (102 + -46 - 27).
29
What is the value of 41 - (-3 + 24 + -5 + 2)?
23
Calculate -32 - (42 - 66) - -36.
28
What is (109 - (-83 + 135)) + -52?
5
Evaluate 20 - (-47 + 64 - 7).
10
Evaluate 58 - (52 + (-17 - -12)).
11
Evaluate (-962 - -973 - (-1 + (-3 - -4) + 56)) + -1.
-46
What is the value of 2 - -33 - (17 + (23 - (-6 - -25)))?
14
(-19 - -4) + -2 + -9 - (4 + 0)
-30
What is 5 + -10 + (9 + 20 + -15 - (-11 + -3))?
23
(4493 - 4560) + (-2 - -98)
29
Calculate 115 + (225 - 99) + -384.
-143
What is the value of -940 + 928 - (4 + -10 + 8 + (94 - 0))?
-108
Evaluate -36 + -1 + 33 - (1 - -17).
-22
What is the value of 306 - (-204 - -404) - ((-2 - 0) + -2)?
110
(-34 - -